{"id":65,"date":"2014-04-16T12:03:03","date_gmt":"2014-04-16T10:03:03","guid":{"rendered":"http:\/\/gospodarkaodpadami.dukla.pl\/?page_id=65"},"modified":"2021-02-24T10:49:29","modified_gmt":"2021-02-24T09:49:29","slug":"najczesciej-zadawane-pytania","status":"publish","type":"page","link":"https:\/\/gospodarkaodpadami.dukla.pl\/?page_id=65","title":{"rendered":"Najcz\u0119\u015bciej zadawane pytania"},"content":{"rendered":"<p style=\"text-align: justify;\"><span style=\"color: #339966;\"><strong>Co si\u0119 stanie, je\u017celi nie b\u0119d\u0119 segregowa\u0142(-a) odpad\u00f3w ?<\/strong><\/span><\/p>\n<p style=\"text-align: justify;\">W takim wypadku w trybie decyzji administracyjnej op\u0142ata zostanie zmieniona na now\u0105, wy\u017csz\u0105, zgodnie ze stawk\u0105 naliczan\u0105 jak za odpady zbierane w spos\u00f3b nieselektywny.<\/p>\n<p style=\"text-align: justify;\"><span style=\"color: #339966;\"><strong>Kto\u00a0 ustala stawki za gospodarowanie odpadami komunalnymi?<\/strong><\/span><\/p>\n<p style=\"text-align: justify;\"><strong>\u00a0<\/strong>Stawki\u00a0 ustala\u00a0 Rada\u00a0 Miejska w Dukli, w formie uchwa\u0142y. Na wysoko\u015b\u0107 op\u0142aty wp\u0142ywa ilo\u015b\u0107 odbieranych odpad\u00f3w komunalnych od mieszka\u0144c\u00f3w, koszty odbioru, transportu i zagospodarowania odpad\u00f3w komunalnych, koszty administracyjne systemu.<\/p>\n<p style=\"text-align: justify;\"><span style=\"color: #339966;\"><strong>Czy w deklaracji nale\u017cy wpisa\u0107 osoby zameldowane, czy faktycznie mieszkaj\u0105ce w danym gospodarstwie?<\/strong><\/span><\/p>\n<p style=\"text-align: justify;\"><strong>\u00a0<\/strong>Nale\u017cy wpisa\u0107 osoby faktycznie przebywaj\u0105ce w danym gospodarstwie. Liczba os\u00f3b zameldowanych nie musi si\u0119 zgadza\u0107 z liczb\u0105 os\u00f3b stale przebywaj\u0105cych. A w kontek\u015bcie systemu zagospodarowania odpad\u00f3w najwa\u017cniejsza jest informacja, ile os\u00f3b wytwarza odpady.<\/p>\n<p style=\"text-align: justify;\"><span style=\"color: #339966;\"><strong>Jak gmina sprawdzi, czy podali\u015bmy prawdziwe dane w deklaracji?<\/strong><\/span><\/p>\n<p style=\"text-align: justify;\">W sytuacji w\u0105tpliwo\u015bci co do danych zawartych w deklaracji dowodem w zakresie wyja\u015bnienia sprawy mog\u0105 by\u0107 m.in. zeznania \u015bwiadk\u00f3w, jak r\u00f3wnie\u017c wszelkie inne dowody zgodnie z art. 75 kodeksu post\u0119powania administracyjnego. Gmina mo\u017ce te\u017c uzyska\u0107 informacje od firmy wywo\u017c\u0105cej odpady &#8211; informacje o przepe\u0142nieniu pojemnik\u00f3w r\u00f3wnie\u017c mog\u0105 \u015bwiadczy\u0107 o zani\u017ceniu rzeczywistej liczby os\u00f3b zamieszkuj\u0105cych nieruchomo\u015b\u0107. Dodatkowo s\u0105 przeprowadzane w terenie wyrywkowe kontrole prawid\u0142owej segregacji odpad\u00f3w komunalnych.<\/p>\n<p style=\"text-align: justify;\"><span style=\"color: #339966;\"><strong>Czy pracownicy z firmy odbieraj\u0105cej od nas odpady\u00a0 maj\u0105 prawo sprawdza\u0107 zawarto\u015b\u0107 naszych pojemnik\u00f3w czy te\u017c work\u00f3w?<\/strong><\/span><\/p>\n<p style=\"text-align: justify;\">Od momentu gdy firma \u00a0odbierze worek z wytworzonymi przez nas odpadami, przestaj\u0105 one by\u0107 nasz\u0105 w\u0142asno\u015bci\u0105, ich w\u0142a\u015bcicielem staje si\u0119 gmina. Nie ma wi\u0119c przeszk\u00f3d, by firma, z kt\u00f3r\u0105 gmina podpisa\u0142a umow\u0119, sprawdzi\u0142a ich zawarto\u015b\u0107. Zreszt\u0105 tylko sprawdzaj\u0105c zawarto\u015b\u0107 work\u00f3w czy pojemnik\u00f3w, gmina (za po\u015brednictwem firmy) mo\u017ce wytkn\u0105\u0107 nam b\u0142\u0119dy w zakresie segregacji odpad\u00f3w, dzi\u0119ki czemu nie tylko nauczymy si\u0119 prawid\u0142owych nawyk\u00f3w, lecz tak\u017ce uda si\u0119 wy\u0142apa\u0107 tych, kt\u00f3rzy nie stosuj\u0105 si\u0119 do zasad selektywnej zbi\u00f3rki.<\/p>\n<p style=\"text-align: justify;\"><span style=\"color: #339966;\"><strong>Na co zostaj\u0105 przeznaczane op\u0142aty, kt\u00f3re trafiaj\u0105 do gmin?<\/strong><\/span><\/p>\n<p style=\"text-align: justify;\">Pieni\u0105dze zebrane z op\u0142at za odpady komunalne mog\u0105 zosta\u0107 przeznaczone wy\u0142\u0105cznie na:<\/p>\n<p style=\"text-align: justify;\">&#8211; odbieranie, transport, zbieranie i unieszkodliwianie odpad\u00f3w komunalnych;<br \/>\n&#8211; tworzenie i utrzymanie punkt\u00f3w selektywnego zbierania odpad\u00f3w komunalnych;<br \/>\n&#8211;\u00a0\u00a0\u00a0 obs\u0142ug\u0119 administracyjn\u0105 tego systemu;<b><\/b><\/p>\n<p style=\"text-align: justify;\">\n<p style=\"text-align: justify;\"><b><span style=\"color: #339966;\">Kto b\u0119dzie sprawowa\u0107 nadz\u00f3r nad prawid\u0142owym post\u0119powaniem z odebranymi odpadami komunalnymi ?<\/span> <\/b><\/p>\n<p style=\"text-align: justify;\">Nadz\u00f3r nad prawid\u0142owym zagospodarowaniem odpad\u00f3w przez odbieraj\u0105cego odpady b\u0119dzie sprawowa\u0107 gmina.<\/p>\n<p style=\"text-align: justify;\"><span style=\"color: #339966;\"><b>Czy trzeba my\u0107 butelki i inne opakowania, a z butelek zrywa\u0107 etykiety przed wrzuceniem do pojemnika na segregacj\u0119?<\/b><\/span><\/p>\n<p style=\"text-align: justify;\">Nie, nie trzeba. Opakowania musz\u0105 by\u0107 tylko puste. Nale\u017cy je ewentualnie <strong>jedynie przep\u0142uka\u0107<\/strong> aby nie pozostawia\u0107 w \u015brodku np. resztek jedzenia.\u00a0<b><\/b><\/p>\n","protected":false},"excerpt":{"rendered":"<p>Co si\u0119 stanie, je\u017celi nie b\u0119d\u0119 segregowa\u0142(-a) odpad\u00f3w ? W takim wypadku w trybie decyzji administracyjnej op\u0142ata zostanie zmieniona na now\u0105, wy\u017csz\u0105, zgodnie ze stawk\u0105 naliczan\u0105 jak za odpady zbierane w spos\u00f3b nieselektywny. Kto\u00a0 ustala stawki za gospodarowanie odpadami komunalnymi? \u00a0Stawki\u00a0 ustala\u00a0 Rada\u00a0 Miejska w Dukli, w formie uchwa\u0142y. Na wysoko\u015b\u0107 op\u0142aty wp\u0142ywa ilo\u015b\u0107 odbieranych &hellip; <a href=\"https:\/\/gospodarkaodpadami.dukla.pl\/?page_id=65\" class=\"more-link\">Czytaj dalej <span class=\"screen-reader-text\">Najcz\u0119\u015bciej zadawane pytania<\/span> <span class=\"meta-nav\">&rarr;<\/span><\/a><\/p>\n","protected":false},"author":1,"featured_media":0,"parent":0,"menu_order":0,"comment_status":"closed","ping_status":"open","template":"","meta":[],"_links":{"self":[{"href":"https:\/\/gospodarkaodpadami.dukla.pl\/index.php?rest_route=\/wp\/v2\/pages\/65"}],"collection":[{"href":"https:\/\/gospodarkaodpadami.dukla.pl\/index.php?rest_route=\/wp\/v2\/pages"}],"about":[{"href":"https:\/\/gospodarkaodpadami.dukla.pl\/index.php?rest_route=\/wp\/v2\/types\/page"}],"author":[{"embeddable":true,"href":"https:\/\/gospodarkaodpadami.dukla.pl\/index.php?rest_route=\/wp\/v2\/users\/1"}],"replies":[{"embeddable":true,"href":"https:\/\/gospodarkaodpadami.dukla.pl\/index.php?rest_route=%2Fwp%2Fv2%2Fcomments&post=65"}],"version-history":[{"count":6,"href":"https:\/\/gospodarkaodpadami.dukla.pl\/index.php?rest_route=\/wp\/v2\/pages\/65\/revisions"}],"predecessor-version":[{"id":1030,"href":"https:\/\/gospodarkaodpadami.dukla.pl\/index.php?rest_route=\/wp\/v2\/pages\/65\/revisions\/1030"}],"wp:attachment":[{"href":"https:\/\/gospodarkaodpadami.dukla.pl\/index.php?rest_route=%2Fwp%2Fv2%2Fmedia&parent=65"}],"curies":[{"name":"wp","href":"https:\/\/api.w.org\/{rel}","templated":true}]}}

Najczęściej zadawane pytania

<p style="text-align: justify;"><span style="color: #339966;"><strong>Co się stanie, jeżeli nie będę segregował(-a) odpadów ?</strong></span></p>
<p style="text-align: justify;">W takim wypadku w trybie decyzji administracyjnej opłata zostanie zmieniona na nową, wyższą, zgodnie ze stawką naliczaną jak za odpady zbierane w sposób nieselektywny.</p>
<p style="text-align: justify;"><span style="color: #339966;"><strong>Kto  ustala stawki za gospodarowanie odpadami komunalnymi?</strong></span></p>
<p style="text-align: justify;"><strong> </strong>Stawki  ustala  Rada  Miejska w Dukli, w formie uchwały. Na wysokość opłaty wpływa ilość odbieranych odpadów komunalnych od mieszkańców, koszty odbioru, transportu i zagospodarowania odpadów komunalnych, koszty administracyjne systemu.</p>
<p style="text-align: justify;"><span style="color: #339966;"><strong>Czy w deklaracji należy wpisać osoby zameldowane, czy faktycznie mieszkające w danym gospodarstwie?</strong></span></p>
<p style="text-align: justify;"><strong> </strong>Należy wpisać osoby faktycznie przebywające w danym gospodarstwie. Liczba osób zameldowanych nie musi się zgadzać z liczbą osób stale przebywających. A w kontekście systemu zagospodarowania odpadów najważniejsza jest informacja, ile osób wytwarza odpady.</p>
<p style="text-align: justify;"><span style="color: #339966;"><strong>Jak gmina sprawdzi, czy podaliśmy prawdziwe dane w deklaracji?</strong></span></p>
<p style="text-align: justify;">W sytuacji wątpliwości co do danych zawartych w deklaracji dowodem w zakresie wyjaśnienia sprawy mogą być m.in. zeznania świadków, jak również wszelkie inne dowody zgodnie z art. 75 kodeksu postępowania administracyjnego. Gmina może też uzyskać informacje od firmy wywożącej odpady &#8211; informacje o przepełnieniu pojemników również mogą świadczyć o zaniżeniu rzeczywistej liczby osób zamieszkujących nieruchomość. Dodatkowo są przeprowadzane w terenie wyrywkowe kontrole prawidłowej segregacji odpadów komunalnych.</p>
<p style="text-align: justify;"><span style="color: #339966;"><strong>Czy pracownicy z firmy odbierającej od nas odpady  mają prawo sprawdzać zawartość naszych pojemników czy też worków?</strong></span></p>
<p style="text-align: justify;">Od momentu gdy firma  odbierze worek z wytworzonymi przez nas odpadami, przestają one być naszą własnością, ich właścicielem staje się gmina. Nie ma więc przeszkód, by firma, z którą gmina podpisała umowę, sprawdziła ich zawartość. Zresztą tylko sprawdzając zawartość worków czy pojemników, gmina (za pośrednictwem firmy) może wytknąć nam błędy w zakresie segregacji odpadów, dzięki czemu nie tylko nauczymy się prawidłowych nawyków, lecz także uda się wyłapać tych, którzy nie stosują się do zasad selektywnej zbiórki.</p>
<p style="text-align: justify;"><span style="color: #339966;"><strong>Na co zostają przeznaczane opłaty, które trafiają do gmin?</strong></span></p>
<p style="text-align: justify;">Pieniądze zebrane z opłat za odpady komunalne mogą zostać przeznaczone wyłącznie na:</p>
<p style="text-align: justify;">&#8211; odbieranie, transport, zbieranie i unieszkodliwianie odpadów komunalnych;<br />
&#8211; tworzenie i utrzymanie punktów selektywnego zbierania odpadów komunalnych;<br />
&#8211;    obsługę administracyjną tego systemu;<b></b></p>
<p style="text-align: justify;">
<p style="text-align: justify;"><b><span style="color: #339966;">Kto będzie sprawować nadzór nad prawidłowym postępowaniem z odebranymi odpadami komunalnymi ?</span> </b></p>
<p style="text-align: justify;">Nadzór nad prawidłowym zagospodarowaniem odpadów przez odbierającego odpady będzie sprawować gmina.</p>
<p style="text-align: justify;"><span style="color: #339966;"><b>Czy trzeba myć butelki i inne opakowania, a z butelek zrywać etykiety przed wrzuceniem do pojemnika na segregację?</b></span></p>
<p style="text-align: justify;">Nie, nie trzeba. Opakowania muszą być tylko puste. Należy je ewentualnie <strong>jedynie przepłukać</strong> aby nie pozostawiać w środku np. resztek jedzenia. <b></b></p>

<p>Co się stanie, jeżeli nie będę segregował(-a) odpadów ? W takim wypadku w trybie decyzji administracyjnej opłata zostanie zmieniona na nową, wyższą, zgodnie ze stawką naliczaną jak za odpady zbierane w sposób nieselektywny. Kto  ustala stawki za gospodarowanie odpadami komunalnymi?  Stawki  ustala  Rada  Miejska w Dukli, w formie uchwały. Na wysokość opłaty wpływa ilość odbieranych &hellip; <a href="https://gospodarkaodpadami.dukla.pl/?page_id=65" class="more-link">Czytaj dalej <span class="screen-reader-text">Najczęściej zadawane pytania</span> <span class="meta-nav">&rarr;</span></a></p>
